{"id":128,"date":"2021-02-09T14:13:07","date_gmt":"2021-02-09T14:13:07","guid":{"rendered":"https:\/\/reinigungsbedarf-donath.de\/STRATO-apps\/wordpress_01\/app\/?post_type=product&#038;p=128"},"modified":"2021-02-11T14:50:13","modified_gmt":"2021-02-11T14:50:13","slug":"eimer-22-ltr-blau","status":"publish","type":"product","link":"https:\/\/reinigungsbedarf-donath.de\/app\/?product=eimer-22-ltr-blau","title":{"rendered":"Eimer 22 Ltr. blau"},"content":{"rendered":"<p>rechteckig, harter Kunststoff,<br \/>\nmit Kunststoffb\u00fcgel egonormisch geformt<\/p>\n<p><strong>L\u00e4nge: 56 cm \u00fcber den B\u00fcgel gemessen, Innenmass: 49 cm,<\/strong><br \/>\n<strong>Breite: 27 cm, Innenmass: 24 cm,<\/strong><br \/>\n<strong>Tiefe: 27 cm, Innenmass: 24 cm,<\/strong><\/p>\n","protected":false},"excerpt":{"rendered":"<p>Eimer 22 Ltr.<\/p>\n","protected":false},"featured_media":91,"template":"","meta":[],"product_cat":[58],"product_tag":[],"class_list":{"0":"post-128","1":"product","2":"type-product","3":"status-publish","4":"has-post-thumbnail","6":"product_cat-eimer-eimer","8":"first","9":"instock","10":"taxable","11":"shipping-taxable","12":"purchasable","13":"product-type-simple"},"_links":{"self":[{"href":"https:\/\/reinigungsbedarf-donath.de\/app\/index.php?rest_route=\/wp\/v2\/product\/128","targetHints":{"allow":["GET"]}}],"collection":[{"href":"https:\/\/reinigungsbedarf-donath.de\/app\/index.php?rest_route=\/wp\/v2\/product"}],"about":[{"href":"https:\/\/reinigungsbedarf-donath.de\/app\/index.php?rest_route=\/wp\/v2\/types\/product"}],"wp:featuredmedia":[{"embeddable":true,"href":"https:\/\/reinigungsbedarf-donath.de\/app\/index.php?rest_route=\/wp\/v2\/media\/91"}],"wp:attachment":[{"href":"https:\/\/reinigungsbedarf-donath.de\/app\/index.php?rest_route=%2Fwp%2Fv2%2Fmedia&parent=128"}],"wp:term":[{"taxonomy":"product_cat","embeddable":true,"href":"https:\/\/reinigungsbedarf-donath.de\/app\/index.php?rest_route=%2Fwp%2Fv2%2Fproduct_cat&post=128"},{"taxonomy":"product_tag","embeddable":true,"href":"https:\/\/reinigungsbedarf-donath.de\/app\/index.php?rest_route=%2Fwp%2Fv2%2Fproduct_tag&post=128"}],"curies":[{"name":"wp","href":"https:\/\/api.w.org\/{rel}","templated":true}]}}

<p>rechteckig, harter Kunststoff,<br />
mit Kunststoffbügel egonormisch geformt</p>
<p><strong>Länge: 56 cm über den Bügel gemessen, Innenmass: 49 cm,</strong><br />
<strong>Breite: 27 cm, Innenmass: 24 cm,</strong><br />
<strong>Tiefe: 27 cm, Innenmass: 24 cm,</strong></p>
