{"id":1321,"date":"2025-02-18T16:33:34","date_gmt":"2025-02-18T16:33:34","guid":{"rendered":"https:\/\/reinigungsbedarf-donath.de\/app\/?post_type=product&#038;p=1321"},"modified":"2025-02-18T16:35:23","modified_gmt":"2025-02-18T16:35:23","slug":"scheibenreiniger-sommer-velind-5-ltr-kann","status":"publish","type":"product","link":"https:\/\/reinigungsbedarf-donath.de\/app\/?product=scheibenreiniger-sommer-velind-5-ltr-kann","title":{"rendered":"Scheibenreiniger Sommer Velind 5 ltr. Kann."},"content":{"rendered":"<p><strong>Scheibenreiniger Sommer Velind 5 ltr. Kann<\/strong><\/p>\n<p><span style=\"font-size: 12pt;\">Entfernt r\u00fcckstandslos Stra\u00dfen- und Insektenschmutz von Windschutzscheiben. Einsetzbar in allen Scheibenwaschanlagen. Ist f\u00fcr F\u00e4cherd\u00fcsen geeignet und unsch\u00e4dlich f\u00fcr Lack, Crom und Gummi. Schmiert nicht und bildet keine Streifen.<\/span><\/p>\n<div>\n<h4><span style=\"font-size: 12pt;\">Anwendungsbeschreibung<\/span><\/h4>\n<div>\n<p>Gebrauchsfertig &#8211; Einfach in den Scheibenwaschbeh\u00e4lter f\u00fcllen.<\/p>\n<\/div>\n<\/div>\n<div><strong>UFI: 726T-C2TV-C00T-4J6V<\/strong><\/div>\n<div><strong>Inhaltsstoffe:<\/strong> unter 5% nichtionische Tenside, unter 5% amphotere Tenside, Duftstoffe (Limonene)<\/div>\n","protected":false},"excerpt":{"rendered":"<p>Scheibenreiniger Sommer Velind 5 ltr. Kann Entfernt r\u00fcckstandslos Stra\u00dfen- und Insektenschmutz von Windschutzscheiben. Einsetzbar in allen Scheibenwaschanlagen. Ist f\u00fcr F\u00e4cherd\u00fcsen&hellip;<\/p>\n","protected":false},"featured_media":1322,"template":"","meta":[],"product_cat":[49,85,89],"product_tag":[],"class_list":{"0":"post-1321","1":"product","2":"type-product","3":"status-publish","4":"has-post-thumbnail","6":"product_cat-alternativen","7":"product_cat-saisonwaren","8":"product_cat-werkstatt-bedarf","10":"first","11":"instock","12":"taxable","13":"shipping-taxable","14":"purchasable","15":"product-type-simple"},"_links":{"self":[{"href":"https:\/\/reinigungsbedarf-donath.de\/app\/index.php?rest_route=\/wp\/v2\/product\/1321"}],"collection":[{"href":"https:\/\/reinigungsbedarf-donath.de\/app\/index.php?rest_route=\/wp\/v2\/product"}],"about":[{"href":"https:\/\/reinigungsbedarf-donath.de\/app\/index.php?rest_route=\/wp\/v2\/types\/product"}],"wp:featuredmedia":[{"embeddable":true,"href":"https:\/\/reinigungsbedarf-donath.de\/app\/index.php?rest_route=\/wp\/v2\/media\/1322"}],"wp:attachment":[{"href":"https:\/\/reinigungsbedarf-donath.de\/app\/index.php?rest_route=%2Fwp%2Fv2%2Fmedia&parent=1321"}],"wp:term":[{"taxonomy":"product_cat","embeddable":true,"href":"https:\/\/reinigungsbedarf-donath.de\/app\/index.php?rest_route=%2Fwp%2Fv2%2Fproduct_cat&post=1321"},{"taxonomy":"product_tag","embeddable":true,"href":"https:\/\/reinigungsbedarf-donath.de\/app\/index.php?rest_route=%2Fwp%2Fv2%2Fproduct_tag&post=1321"}],"curies":[{"name":"wp","href":"https:\/\/api.w.org\/{rel}","templated":true}]}}