{"id":44,"date":"2021-02-07T13:49:50","date_gmt":"2021-02-07T13:49:50","guid":{"rendered":"https:\/\/reinigungsbedarf-donath.de\/?post_type=product&#038;p=44"},"modified":"2025-01-15T10:15:19","modified_gmt":"2025-01-15T10:15:19","slug":"bohnerwachs-fluessig-gelb-10-ltr","status":"publish","type":"product","link":"https:\/\/reinigungsbedarf-donath.de\/app\/?product=bohnerwachs-fluessig-gelb-10-ltr","title":{"rendered":"Bohnerwachs fl\u00fcssig gelb 10 Ltr."},"content":{"rendered":"<p>Extra Hochglanzwachs in dem 10 ltr. Kanister<\/p>\n<p>Fl\u00fcssiger Bohnerwachs f\u00fcr alle Fu\u00dfb\u00f6den, au\u00dfer Gummi-, Feltbasebel\u00e4ge und Spannteppich.<br \/>\nreinigt * pflegt * gl\u00e4nzt<\/p>\n<p><strong>Gebrauchsanweisung:<\/strong><br \/>\n&#8211; Vor Gebrauch sch\u00fctteln,<br \/>\n&#8211; Bohnerwachs auf gereinigten trockenen Boden d\u00fcnn und gleichm\u00e4\u00dfig auftragen.<br \/>\n&#8211; nach 20 Minuten kann der Boden auf Hochglanz poliert werden.<\/p>\n<p><strong>Inhaltsstoffe:<\/strong> \u00fcber 30% L\u00f6semittel Vbf A3Cas Nr. 64742-82-1,<br \/>\naliphatische Kohlenwasserstoffe und Naturwachse<\/p>\n<p><strong>Hinweis:<\/strong> 1 Ltr. sollte je nach Saugf\u00e4higkeit (Linoleum\/Stein oder Holz) f\u00fcr 50 &#8211; 100 m\u00b2 reichen.<\/p>\n<p><img loading=\"lazy\" decoding=\"async\" class=\"size-full wp-image-289\" src=\"https:\/\/reinigungsbedarf-donath.de\/app\/wp-content\/uploads\/2021\/02\/GHS07.jpg\" alt=\"Gefahr\" width=\"118\" height=\"117\" srcset=\"https:\/\/reinigungsbedarf-donath.de\/app\/wp-content\/uploads\/2021\/02\/GHS07.jpg 118w, https:\/\/reinigungsbedarf-donath.de\/app\/wp-content\/uploads\/2021\/02\/GHS07-100x100.jpg 100w\" sizes=\"(max-width: 118px) 100vw, 118px\" \/><\/p>\n<div id=\"attachment_294\" style=\"width: 128px\" class=\"wp-caption alignnone\"><img loading=\"lazy\" decoding=\"async\" aria-describedby=\"caption-attachment-294\" class=\"size-full wp-image-294\" src=\"https:\/\/reinigungsbedarf-donath.de\/app\/wp-content\/uploads\/2021\/02\/GHS02.jpg\" alt=\"Gefahr\" width=\"118\" height=\"117\" srcset=\"https:\/\/reinigungsbedarf-donath.de\/app\/wp-content\/uploads\/2021\/02\/GHS02.jpg 118w, https:\/\/reinigungsbedarf-donath.de\/app\/wp-content\/uploads\/2021\/02\/GHS02-100x100.jpg 100w\" sizes=\"(max-width: 118px) 100vw, 118px\" \/><p id=\"caption-attachment-294\" class=\"wp-caption-text\">Gefahr<\/p><\/div>\n<p><span style=\"font-size: large;\">UFI: M300-P0FW-400Q-G60G<\/span><\/p>\n<p><strong>Gefahrenhinweise:<\/strong><br \/>\nH226 Fl\u00fcssigkeit und Dampf entz\u00fcndbar.<br \/>\nH304 Kann bei Verschlucken und Eindringen in die Atemwege t\u00f6dlich sein.<br \/>\nH315 Verursacht Hautreizungen.<br \/>\nH336 Kann Schl\u00e4frigkeit und Benommenheit verursachen.<br \/>\nH411 Giftig f\u00fcr Wasserorganismen, mit langfristiger Wirkung.<br \/>\n<strong>Sicherheitshinweise:<\/strong><br \/>\nP271 Nur in gut bel\u00fcfteten R\u00e4umen verwenden<br \/>\nP210 Von Hitze\/Funken\/offener Flamme\/hei\u00dfen Oberfl\u00e4chen fernhalten. Nicht Rauchen.<br \/>\nP262 Nicht in die Augen und auf die Haut gelangen lassen.<br \/>\nP280 Geeignete Schutzhandschuhe Tragen<br \/>\nP101 Ist \u00e4rztlicher Rat erforderlich Verpackung oder Kennzeichnungsetikett bereithalten.<\/p>\n<p><strong>Weitere Kennzeichnungselemente:<\/strong><\/p>\n<p>EUH066 Wiederholter Kontakt kann zu spr\u00f6der oder rissiger Haut f\u00fchren.<\/p>\n<p><strong>\u00a0<\/strong><\/p>\n","protected":false},"excerpt":{"rendered":"<p>Fl\u00fcssiger Bohnerwachs gelb 10 ltr\u00a0 &#8211;\u00a0 1 St\u00fcck<\/p>\n","protected":false},"featured_media":1295,"template":"","meta":[],"product_cat":[36],"product_tag":[39],"class_list":{"0":"post-44","1":"product","2":"type-product","3":"status-publish","4":"has-post-thumbnail","6":"product_cat-wachse","7":"product_tag-bohnerwachs","9":"first","10":"instock","11":"taxable","12":"shipping-taxable","13":"purchasable","14":"product-type-simple"},"_links":{"self":[{"href":"https:\/\/reinigungsbedarf-donath.de\/app\/index.php?rest_route=\/wp\/v2\/product\/44"}],"collection":[{"href":"https:\/\/reinigungsbedarf-donath.de\/app\/index.php?rest_route=\/wp\/v2\/product"}],"about":[{"href":"https:\/\/reinigungsbedarf-donath.de\/app\/index.php?rest_route=\/wp\/v2\/types\/product"}],"wp:featuredmedia":[{"embeddable":true,"href":"https:\/\/reinigungsbedarf-donath.de\/app\/index.php?rest_route=\/wp\/v2\/media\/1295"}],"wp:attachment":[{"href":"https:\/\/reinigungsbedarf-donath.de\/app\/index.php?rest_route=%2Fwp%2Fv2%2Fmedia&parent=44"}],"wp:term":[{"taxonomy":"product_cat","embeddable":true,"href":"https:\/\/reinigungsbedarf-donath.de\/app\/index.php?rest_route=%2Fwp%2Fv2%2Fproduct_cat&post=44"},{"taxonomy":"product_tag","embeddable":true,"href":"https:\/\/reinigungsbedarf-donath.de\/app\/index.php?rest_route=%2Fwp%2Fv2%2Fproduct_tag&post=44"}],"curies":[{"name":"wp","href":"https:\/\/api.w.org\/{rel}","templated":true}]}}