{"id":536,"date":"2021-02-13T17:38:09","date_gmt":"2021-02-13T17:38:09","guid":{"rendered":"https:\/\/reinigungsbedarf-donath.de\/STRATO-apps\/wordpress_01\/app\/?post_type=product&#038;p=536"},"modified":"2021-02-17T18:10:07","modified_gmt":"2021-02-17T18:10:07","slug":"hygienebeutel-1000-stueck-karton","status":"publish","type":"product","link":"https:\/\/reinigungsbedarf-donath.de\/app\/?product=hygienebeutel-1000-stueck-karton","title":{"rendered":"Hygienebeutel 1000 St\u00fcck, Karton"},"content":{"rendered":"<p>Hygienebeutel 1000 St\u00fcck im Karton, ( 10 x 100 St\u00fcck)<br \/>\nAbmessungen: ca. 10,5 x 4,5 x 28 cm<\/p>\n","protected":false},"excerpt":{"rendered":"<p>Hygienebeutel Karton<\/p>\n","protected":false},"featured_media":526,"template":"","meta":[],"product_cat":[80,87],"product_tag":[],"class_list":{"0":"post-536","1":"product","2":"type-product","3":"status-publish","4":"has-post-thumbnail","6":"product_cat-hygienebeutel","7":"product_cat-wc-bedarf","9":"first","10":"instock","11":"taxable","12":"shipping-taxable","13":"purchasable","14":"product-type-simple"},"_links":{"self":[{"href":"https:\/\/reinigungsbedarf-donath.de\/app\/index.php?rest_route=\/wp\/v2\/product\/536","targetHints":{"allow":["GET"]}}],"collection":[{"href":"https:\/\/reinigungsbedarf-donath.de\/app\/index.php?rest_route=\/wp\/v2\/product"}],"about":[{"href":"https:\/\/reinigungsbedarf-donath.de\/app\/index.php?rest_route=\/wp\/v2\/types\/product"}],"wp:featuredmedia":[{"embeddable":true,"href":"https:\/\/reinigungsbedarf-donath.de\/app\/index.php?rest_route=\/wp\/v2\/media\/526"}],"wp:attachment":[{"href":"https:\/\/reinigungsbedarf-donath.de\/app\/index.php?rest_route=%2Fwp%2Fv2%2Fmedia&parent=536"}],"wp:term":[{"taxonomy":"product_cat","embeddable":true,"href":"https:\/\/reinigungsbedarf-donath.de\/app\/index.php?rest_route=%2Fwp%2Fv2%2Fproduct_cat&post=536"},{"taxonomy":"product_tag","embeddable":true,"href":"https:\/\/reinigungsbedarf-donath.de\/app\/index.php?rest_route=%2Fwp%2Fv2%2Fproduct_tag&post=536"}],"curies":[{"name":"wp","href":"https:\/\/api.w.org\/{rel}","templated":true}]}}