{"id":595,"date":"2021-02-14T10:40:59","date_gmt":"2021-02-14T10:40:59","guid":{"rendered":"https:\/\/reinigungsbedarf-donath.de\/STRATO-apps\/wordpress_01\/app\/?post_type=product&#038;p=595"},"modified":"2021-02-14T10:44:08","modified_gmt":"2021-02-14T10:44:08","slug":"muellbeutel-60-ltr-rolle-zu-50-tueten","status":"publish","type":"product","link":"https:\/\/reinigungsbedarf-donath.de\/app\/?product=muellbeutel-60-ltr-rolle-zu-50-tueten","title":{"rendered":"M\u00fcllbeutel 60 Ltr. Rolle zu 50 T\u00fcten"},"content":{"rendered":"<p>M\u00fcllbeutel ca. 60 Ltr., Rolle zu 50 T\u00fcten,<br \/>\n600 x 720mm<\/p>\n","protected":false},"excerpt":{"rendered":"<p>M\u00fcllbeutel 60<\/p>\n","protected":false},"featured_media":582,"template":"","meta":[],"product_cat":[83],"product_tag":[],"class_list":{"0":"post-595","1":"product","2":"type-product","3":"status-publish","4":"has-post-thumbnail","6":"product_cat-muellbeutel-saecke-und-halter","8":"first","9":"instock","10":"taxable","11":"shipping-taxable","12":"purchasable","13":"product-type-simple"},"_links":{"self":[{"href":"https:\/\/reinigungsbedarf-donath.de\/app\/index.php?rest_route=\/wp\/v2\/product\/595"}],"collection":[{"href":"https:\/\/reinigungsbedarf-donath.de\/app\/index.php?rest_route=\/wp\/v2\/product"}],"about":[{"href":"https:\/\/reinigungsbedarf-donath.de\/app\/index.php?rest_route=\/wp\/v2\/types\/product"}],"wp:featuredmedia":[{"embeddable":true,"href":"https:\/\/reinigungsbedarf-donath.de\/app\/index.php?rest_route=\/wp\/v2\/media\/582"}],"wp:attachment":[{"href":"https:\/\/reinigungsbedarf-donath.de\/app\/index.php?rest_route=%2Fwp%2Fv2%2Fmedia&parent=595"}],"wp:term":[{"taxonomy":"product_cat","embeddable":true,"href":"https:\/\/reinigungsbedarf-donath.de\/app\/index.php?rest_route=%2Fwp%2Fv2%2Fproduct_cat&post=595"},{"taxonomy":"product_tag","embeddable":true,"href":"https:\/\/reinigungsbedarf-donath.de\/app\/index.php?rest_route=%2Fwp%2Fv2%2Fproduct_tag&post=595"}],"curies":[{"name":"wp","href":"https:\/\/api.w.org\/{rel}","templated":true}]}}