{"id":81,"date":"2021-02-08T19:55:43","date_gmt":"2021-02-08T19:55:43","guid":{"rendered":"https:\/\/reinigungsbedarf-donath.de\/STRATO-apps\/wordpress_01\/app\/?post_type=product&#038;p=81"},"modified":"2024-10-25T16:20:40","modified_gmt":"2024-10-25T16:20:40","slug":"wischglanz-fala-10-ltr","status":"publish","type":"product","link":"https:\/\/reinigungsbedarf-donath.de\/app\/?product=wischglanz-fala-10-ltr","title":{"rendered":"Wischglanz Fala 10 ltr."},"content":{"rendered":"<div>Selbstgl\u00e4nzende Wischpflege zur Reinigung und Pflege aller wasserfesten B\u00f6den.<\/div>\n<p>&nbsp;<\/p>\n<h4>Produkteigenschaften<\/h4>\n<div>\n<ul>\n<li>Wischglanz und Wischglanz HK sind wachshaltige Wischpflegen, so dass bei dauerhafter Anwendung ein gl\u00e4nzender, rutschhemmender Pflegefilm entsteht, der auspoliert werden kann.<\/li>\n<li>Die Produkte sind manuell als auch mittels Automaten leicht zu verarbeiten und dienen der Reinigung und der Pflege beschichteter oder unbeschichteter Oberfl\u00e4chen gleicherma\u00dfen.<\/li>\n<li>Insbesondere bei alten, por\u00f6sen Belagsarten wird Glanz erzeugt und der Belag gleichzeitig gesch\u00fctzt (reduzierte Wiederanschmutzung).<\/li>\n<li>Der Reinigungsvorgang wird dadurch erleichtert und kann schneller durchgef\u00fchrt werden.<\/li>\n<li>Wischglanz kann im Spray Cleaner-Verfahren verarbeitet werden.<\/li>\n<li>Das Produkt Wischglanz HK befindet sich im Portionsbeutel und erleichtert so die Dosierung (1 Beutel pro Anwendung).<\/li>\n<\/ul>\n<\/div>\n<h4><\/h4>\n<h4>Anwendungsbereich:<\/h4>\n<div>\n<p>Einsatz auf: PVC, Linoleum, Gummi, Polyolefin, rauen und por\u00f6sen Oberfl\u00e4chen (Kunststein, Naturstein), unglasierten, por\u00f6sen Fliesen, Estrich, Asphalt, unversiegeltem Holz, beschichteten Belagsarten.<\/p>\n<\/div>\n<p>&nbsp;<\/p>\n<h4>Anwendung\/Dosierung<\/h4>\n<div>\n<ul>\n<li>Unterhaltsreinigung im einstufigen Wischverfahren durchf\u00fchren.<\/li>\n<li>Bei st\u00e4rkerer Verschmutzung Dosierung entsprechend h\u00f6her w\u00e4hlen.<\/li>\n<li>Bei Einsatz auf unversiegeltem Holz unbedingt nur nebelfeucht wischen.\n<ul>\n<li>Unterhaltsreinigung: 80 ml auf 8 l Wasser.<\/li>\n<li>Automatenreinigung: 80 ml auf 15 l Wasser.<\/li>\n<li>Cleaner-Verfahren: Dosierverh\u00e4ltnis 1:3.<\/li>\n<\/ul>\n<\/li>\n<\/ul>\n<\/div>\n<h4>Inhaltsstoffe<\/h4>\n<div>\n<p>&lt;5% nichtionische Tenside, &lt;5% anionische Tenside, Methylchloroisothiazolinone, Methylisothiazolinone, Duftstoffe. Weitere Inhaltsstoffe: Wachse.<\/p>\n<p><strong>Gefahrenhinweise:<\/strong><br \/>\n&#8211; entf\u00e4llt<br \/>\n<strong>Sicherheitshinweise:<\/strong><br \/>\n&#8211; enf\u00e4llt<br \/>\n<strong>Erg\u00e4nzende Gefahreninformationen (EU):<\/strong><br \/>\nEUH208 Enth\u00e4lt: Benzisothiazolinone, Methylisothiazolinone. Kann allergische Reaktionen hervorrufen.<\/p>\n<\/div>\n","protected":false},"excerpt":{"rendered":"<p>Wischwachs Fala 10 Ltr.<\/p>\n","protected":false},"featured_media":82,"template":"","meta":[],"product_cat":[37],"product_tag":[],"class_list":{"0":"post-81","1":"product","2":"type-product","3":"status-publish","4":"has-post-thumbnail","6":"product_cat-reinigen-und-pflegen","8":"first","9":"instock","10":"taxable","11":"shipping-taxable","12":"purchasable","13":"product-type-simple"},"_links":{"self":[{"href":"https:\/\/reinigungsbedarf-donath.de\/app\/index.php?rest_route=\/wp\/v2\/product\/81","targetHints":{"allow":["GET"]}}],"collection":[{"href":"https:\/\/reinigungsbedarf-donath.de\/app\/index.php?rest_route=\/wp\/v2\/product"}],"about":[{"href":"https:\/\/reinigungsbedarf-donath.de\/app\/index.php?rest_route=\/wp\/v2\/types\/product"}],"wp:featuredmedia":[{"embeddable":true,"href":"https:\/\/reinigungsbedarf-donath.de\/app\/index.php?rest_route=\/wp\/v2\/media\/82"}],"wp:attachment":[{"href":"https:\/\/reinigungsbedarf-donath.de\/app\/index.php?rest_route=%2Fwp%2Fv2%2Fmedia&parent=81"}],"wp:term":[{"taxonomy":"product_cat","embeddable":true,"href":"https:\/\/reinigungsbedarf-donath.de\/app\/index.php?rest_route=%2Fwp%2Fv2%2Fproduct_cat&post=81"},{"taxonomy":"product_tag","embeddable":true,"href":"https:\/\/reinigungsbedarf-donath.de\/app\/index.php?rest_route=%2Fwp%2Fv2%2Fproduct_tag&post=81"}],"curies":[{"name":"wp","href":"https:\/\/api.w.org\/{rel}","templated":true}]}}